{"id":1087,"date":"2017-05-23T06:10:28","date_gmt":"2017-05-23T05:10:28","guid":{"rendered":"https:\/\/www.edubox.ch\/shop\/?page_id=1087"},"modified":"2017-05-30T12:05:57","modified_gmt":"2017-05-30T11:05:57","slug":"faq","status":"publish","type":"page","link":"https:\/\/www.edubox.ch\/shop\/faq\/","title":{"rendered":"FAQ"},"content":{"rendered":"<p>FAQ heisst Frequently Asked Questions und stehen f\u00fcr h\u00e4ufig gestellte Fragen oder auch meistgestellte Fragen und sind eine Zusammenstellung von oft gestellten Fragen und den dazugeh\u00f6rigen Antworten zu unserem eShop bzw. zu ECDL.<\/p>\n<hr \/>\n<p><strong><span style=\"color: #000000;\">Frage: Warum gibt es verschiedene Preise f\u00fcr Diagnose- oder Zertifikatstests?<\/span><\/strong><\/p>\n<p><span style=\"color: #0000ff;\">Antwort: F\u00fcr Kandidatinnen und Kandidaten in Erstausbildung (bis max. 25-j\u00e4hrig) gilt ein reduzierter Preis gegen\u00fcber dem f\u00fcr Erwachsene.<\/span><\/p>\n<p><strong><span style=\"color: #000000;\">Frage: Warum erscheinen an einigen Orte \u00a0von \u00a0bis \u00a0Preise?<\/span><\/strong><\/p>\n<p><span style=\"color: #0000ff;\">Antwort: Der endg\u00fcltige Preis errechnet sich aus den zuvor ausgew\u00e4hlten Optionen wie z. B. Ausbildungstyp (Erstausbildung bis max. 25-j\u00e4hrig\u00a0oder Erwachsen) oder Kauf mit oder ohne ECDL ID.<\/span><\/p>\n<p><strong><span style=\"color: #000000;\">Frage: Was heisst Erstausbildung?<\/span><\/strong><\/p>\n<p><span style=\"color: #0000ff;\">Antwort: Unter einer Erstausbildung wird eine Berufslehre oder ein Studium (bis zum Masterabschluss) gleich nach der Matura verstanden. Eine Matura alleine ist noch keine Erstausbildung.<\/span><\/p>\n<p>&nbsp;<\/p>\n","protected":false},"excerpt":{"rendered":"<p>FAQ heisst Frequently Asked Questions und stehen f\u00fcr h\u00e4ufig gestellte Fragen oder auch meistgestellte Fragen und sind eine Zusammenstellung von oft gestellten Fragen und den dazugeh\u00f6rigen Antworten zu unserem eShop bzw. zu ECDL. Frage: Warum gibt es verschiedene Preise f\u00fcr Diagnose- oder Zertifikatstests? Antwort: F\u00fcr Kandidatinnen und Kandidaten in Erstausbildung (bis max. 25-j\u00e4hrig) gilt ein [&hellip;]<\/p>\n","protected":false},"author":1,"featured_media":0,"parent":0,"menu_order":0,"comment_status":"closed","ping_status":"closed","template":"","meta":{"_lmt_disableupdate":"","_lmt_disable":"","footnotes":""},"class_list":["post-1087","page","type-page","status-publish","hentry"],"yoast_head":"<!-- This site is optimized with the Yoast SEO plugin v27.2 - https:\/\/yoast.com\/product\/yoast-seo-wordpress\/ -->\n<title>FAQ - EduBox GmbH<\/title>\n<meta name=\"robots\" content=\"index, follow, max-snippet:-1, max-image-preview:large, max-video-preview:-1\" \/>\n<link rel=\"canonical\" href=\"https:\/\/www.edubox.ch\/shop\/faq\/\" \/>\n<meta property=\"og:locale\" content=\"de_DE\" \/>\n<meta property=\"og:type\" content=\"article\" \/>\n<meta property=\"og:title\" content=\"FAQ - EduBox GmbH\" \/>\n<meta property=\"og:description\" content=\"FAQ heisst Frequently Asked Questions und stehen f\u00fcr h\u00e4ufig gestellte Fragen oder auch meistgestellte Fragen und sind eine Zusammenstellung von oft gestellten Fragen und den dazugeh\u00f6rigen Antworten zu unserem eShop bzw. zu ECDL. Frage: Warum gibt es verschiedene Preise f\u00fcr Diagnose- oder Zertifikatstests? Antwort: F\u00fcr Kandidatinnen und Kandidaten in Erstausbildung (bis max. 25-j\u00e4hrig) gilt ein [&hellip;]\" \/>\n<meta property=\"og:url\" content=\"https:\/\/www.edubox.ch\/shop\/faq\/\" \/>\n<meta property=\"og:site_name\" content=\"EduBox GmbH\" \/>\n<meta property=\"article:publisher\" content=\"https:\/\/www.facebook.com\/EduBox.CH\" \/>\n<meta property=\"article:modified_time\" content=\"2017-05-30T11:05:57+00:00\" \/>\n<meta name=\"twitter:card\" content=\"summary_large_image\" \/>\n<meta name=\"twitter:site\" content=\"@EduBox_CH\" \/>\n<meta name=\"twitter:label1\" content=\"Gesch\u00e4tzte Lesezeit\" \/>\n\t<meta name=\"twitter:data1\" content=\"1\u00a0Minute\" \/>\n<script type=\"application\/ld+json\" class=\"yoast-schema-graph\">{\"@context\":\"https:\/\/schema.org\",\"@graph\":[{\"@type\":\"WebPage\",\"@id\":\"https:\/\/www.edubox.ch\/shop\/faq\/\",\"url\":\"https:\/\/www.edubox.ch\/shop\/faq\/\",\"name\":\"FAQ - EduBox GmbH\",\"isPartOf\":{\"@id\":\"https:\/\/www.edubox.ch\/shop\/#website\"},\"datePublished\":\"2017-05-23T05:10:28+00:00\",\"dateModified\":\"2017-05-30T11:05:57+00:00\",\"breadcrumb\":{\"@id\":\"https:\/\/www.edubox.ch\/shop\/faq\/#breadcrumb\"},\"inLanguage\":\"de-CH\",\"potentialAction\":[{\"@type\":\"ReadAction\",\"target\":[\"https:\/\/www.edubox.ch\/shop\/faq\/\"]}]},{\"@type\":\"BreadcrumbList\",\"@id\":\"https:\/\/www.edubox.ch\/shop\/faq\/#breadcrumb\",\"itemListElement\":[{\"@type\":\"ListItem\",\"position\":1,\"name\":\"Startseite\",\"item\":\"https:\/\/www.edubox.ch\/shop\/\"},{\"@type\":\"ListItem\",\"position\":2,\"name\":\"FAQ\"}]},{\"@type\":\"WebSite\",\"@id\":\"https:\/\/www.edubox.ch\/shop\/#website\",\"url\":\"https:\/\/www.edubox.ch\/shop\/\",\"name\":\"EduBox GmbH\",\"description\":\"Die erste virtuelle ICT-Schule der Schweiz!\",\"publisher\":{\"@id\":\"https:\/\/www.edubox.ch\/shop\/#organization\"},\"potentialAction\":[{\"@type\":\"SearchAction\",\"target\":{\"@type\":\"EntryPoint\",\"urlTemplate\":\"https:\/\/www.edubox.ch\/shop\/?s={search_term_string}\"},\"query-input\":{\"@type\":\"PropertyValueSpecification\",\"valueRequired\":true,\"valueName\":\"search_term_string\"}}],\"inLanguage\":\"de-CH\"},{\"@type\":\"Organization\",\"@id\":\"https:\/\/www.edubox.ch\/shop\/#organization\",\"name\":\"EduBox GmbH\",\"url\":\"https:\/\/www.edubox.ch\/shop\/\",\"logo\":{\"@type\":\"ImageObject\",\"inLanguage\":\"de-CH\",\"@id\":\"https:\/\/www.edubox.ch\/shop\/#\/schema\/logo\/image\/\",\"url\":\"https:\/\/www.edubox.ch\/shop\/wp-content\/uploads\/Logo-Laengs-ohne-Slogan-Transparent-Hoehe-1.5cm-fuer-Lehrbuch-KfK.png\",\"contentUrl\":\"https:\/\/www.edubox.ch\/shop\/wp-content\/uploads\/Logo-Laengs-ohne-Slogan-Transparent-Hoehe-1.5cm-fuer-Lehrbuch-KfK.png\",\"width\":725,\"height\":177,\"caption\":\"EduBox GmbH\"},\"image\":{\"@id\":\"https:\/\/www.edubox.ch\/shop\/#\/schema\/logo\/image\/\"},\"sameAs\":[\"https:\/\/www.facebook.com\/EduBox.CH\",\"https:\/\/x.com\/EduBox_CH\",\"https:\/\/www.linkedin.com\/company\/2981682\/admin\/dashboard\/\",\"https:\/\/www.xing.com\/pages\/eduboxgmbh\"]}]}<\/script>\n<!-- \/ Yoast SEO plugin. -->","yoast_head_json":{"title":"FAQ - EduBox GmbH","robots":{"index":"index","follow":"follow","max-snippet":"max-snippet:-1","max-image-preview":"max-image-preview:large","max-video-preview":"max-video-preview:-1"},"canonical":"https:\/\/www.edubox.ch\/shop\/faq\/","og_locale":"de_DE","og_type":"article","og_title":"FAQ - EduBox GmbH","og_description":"FAQ heisst Frequently Asked Questions und stehen f\u00fcr h\u00e4ufig gestellte Fragen oder auch meistgestellte Fragen und sind eine Zusammenstellung von oft gestellten Fragen und den dazugeh\u00f6rigen Antworten zu unserem eShop bzw. zu ECDL. Frage: Warum gibt es verschiedene Preise f\u00fcr Diagnose- oder Zertifikatstests? Antwort: F\u00fcr Kandidatinnen und Kandidaten in Erstausbildung (bis max. 25-j\u00e4hrig) gilt ein [&hellip;]","og_url":"https:\/\/www.edubox.ch\/shop\/faq\/","og_site_name":"EduBox GmbH","article_publisher":"https:\/\/www.facebook.com\/EduBox.CH","article_modified_time":"2017-05-30T11:05:57+00:00","twitter_card":"summary_large_image","twitter_site":"@EduBox_CH","twitter_misc":{"Gesch\u00e4tzte Lesezeit":"1\u00a0Minute"},"schema":{"@context":"https:\/\/schema.org","@graph":[{"@type":"WebPage","@id":"https:\/\/www.edubox.ch\/shop\/faq\/","url":"https:\/\/www.edubox.ch\/shop\/faq\/","name":"FAQ - EduBox GmbH","isPartOf":{"@id":"https:\/\/www.edubox.ch\/shop\/#website"},"datePublished":"2017-05-23T05:10:28+00:00","dateModified":"2017-05-30T11:05:57+00:00","breadcrumb":{"@id":"https:\/\/www.edubox.ch\/shop\/faq\/#breadcrumb"},"inLanguage":"de-CH","potentialAction":[{"@type":"ReadAction","target":["https:\/\/www.edubox.ch\/shop\/faq\/"]}]},{"@type":"BreadcrumbList","@id":"https:\/\/www.edubox.ch\/shop\/faq\/#breadcrumb","itemListElement":[{"@type":"ListItem","position":1,"name":"Startseite","item":"https:\/\/www.edubox.ch\/shop\/"},{"@type":"ListItem","position":2,"name":"FAQ"}]},{"@type":"WebSite","@id":"https:\/\/www.edubox.ch\/shop\/#website","url":"https:\/\/www.edubox.ch\/shop\/","name":"EduBox GmbH","description":"Die erste virtuelle ICT-Schule der Schweiz!","publisher":{"@id":"https:\/\/www.edubox.ch\/shop\/#organization"},"potentialAction":[{"@type":"SearchAction","target":{"@type":"EntryPoint","urlTemplate":"https:\/\/www.edubox.ch\/shop\/?s={search_term_string}"},"query-input":{"@type":"PropertyValueSpecification","valueRequired":true,"valueName":"search_term_string"}}],"inLanguage":"de-CH"},{"@type":"Organization","@id":"https:\/\/www.edubox.ch\/shop\/#organization","name":"EduBox GmbH","url":"https:\/\/www.edubox.ch\/shop\/","logo":{"@type":"ImageObject","inLanguage":"de-CH","@id":"https:\/\/www.edubox.ch\/shop\/#\/schema\/logo\/image\/","url":"https:\/\/www.edubox.ch\/shop\/wp-content\/uploads\/Logo-Laengs-ohne-Slogan-Transparent-Hoehe-1.5cm-fuer-Lehrbuch-KfK.png","contentUrl":"https:\/\/www.edubox.ch\/shop\/wp-content\/uploads\/Logo-Laengs-ohne-Slogan-Transparent-Hoehe-1.5cm-fuer-Lehrbuch-KfK.png","width":725,"height":177,"caption":"EduBox GmbH"},"image":{"@id":"https:\/\/www.edubox.ch\/shop\/#\/schema\/logo\/image\/"},"sameAs":["https:\/\/www.facebook.com\/EduBox.CH","https:\/\/x.com\/EduBox_CH","https:\/\/www.linkedin.com\/company\/2981682\/admin\/dashboard\/","https:\/\/www.xing.com\/pages\/eduboxgmbh"]}]}},"_links":{"self":[{"href":"https:\/\/www.edubox.ch\/shop\/wp-json\/wp\/v2\/pages\/1087","targetHints":{"allow":["GET"]}}],"collection":[{"href":"https:\/\/www.edubox.ch\/shop\/wp-json\/wp\/v2\/pages"}],"about":[{"href":"https:\/\/www.edubox.ch\/shop\/wp-json\/wp\/v2\/types\/page"}],"author":[{"embeddable":true,"href":"https:\/\/www.edubox.ch\/shop\/wp-json\/wp\/v2\/users\/1"}],"replies":[{"embeddable":true,"href":"https:\/\/www.edubox.ch\/shop\/wp-json\/wp\/v2\/comments?post=1087"}],"version-history":[{"count":7,"href":"https:\/\/www.edubox.ch\/shop\/wp-json\/wp\/v2\/pages\/1087\/revisions"}],"predecessor-version":[{"id":1108,"href":"https:\/\/www.edubox.ch\/shop\/wp-json\/wp\/v2\/pages\/1087\/revisions\/1108"}],"wp:attachment":[{"href":"https:\/\/www.edubox.ch\/shop\/wp-json\/wp\/v2\/media?parent=1087"}],"curies":[{"name":"wp","href":"https:\/\/api.w.org\/{rel}","templated":true}]}}