{"id":5108,"date":"2024-10-17T09:47:15","date_gmt":"2024-10-17T08:47:15","guid":{"rendered":"https:\/\/www.edubox.ch\/shop\/?post_type=product&#038;p=5108"},"modified":"2026-03-11T17:46:15","modified_gmt":"2026-03-11T16:46:15","slug":"icdl-base-hauswartende","status":"publish","type":"product","link":"https:\/\/www.edubox.ch\/shop\/produkt\/icdl-base-hauswartende\/","title":{"rendered":"ICDL\/ECDL Base f\u00fcr Hauswartinnen und Hauswarte (alles inklusive)"},"content":{"rendered":"<h2><\/h2>\n<p>&nbsp;<\/p>\n","protected":false},"excerpt":{"rendered":"<p>Diese ICDL\/ECDL Base Schulung ist auf angehende \u00abHauswartinnen und Hauswarte\u00bb zugeschnitten. Mit unserem virtuellen e-Learning-Angebot erlernen Sie die Testinhalte der vier \u00abICDL Base\u00bb Module. Das \u00abICDL Base\u00bb Zertifikat belegt solide Kenntnisse im Umgang mit dem Betriebssystem, Internetanwendungen, Textverarbeitung und Tabellenkalkulation.<\/p>\n<h2>Ablauf<\/h2>\n<ol>\n<li>Sie <strong>lernen selbstst\u00e4ndig<\/strong> mit den <strong>e-Learning<\/strong> Schulungen von bit media, weil Sie so in Ihrem eigenen Tempo lernen k\u00f6nnen. Diese e-Learning Schulungen sind von \u00fcberall her und zu jeder Zeit \u00fcber einen Webbrowser aufrufbar.<\/li>\n<li>Am Ende jedes ICDL Moduls <strong>f\u00fchren<\/strong> Sie zu Hause eine <strong>Probepr\u00fcfung<\/strong> PREMIUM (ICDL Tutorial Test) zur Pr\u00fcfungsvorbereitung <strong>durch<\/strong>, sodass Sie sehen, wo Sie noch Wissensl\u00fccken haben.<\/li>\n<li>Danach <strong>vereinbaren<\/strong> Sie mit uns einen <strong>virtuellen Pr\u00fcfungstermin<\/strong>,\u00a0sodass\u00a0Sie die Pr\u00fcfung unter Aufsicht eines\/einer ICDL Tester\/in durchf\u00fchren k\u00f6nnen.<\/li>\n<\/ol>\n<h2>Wichtig<\/h2>\n<p>Eine <strong>hohe Selbstdisziplin<\/strong> ist bei dieser Art des Lernens eine wichtige Voraussetzung.<\/p>\n<h2>Bundesbeitr\u00e4ge eidgen\u00f6ssische Pr\u00fcfungen<\/h2>\n<p><img loading=\"lazy\" decoding=\"async\" class=\"wp-image-2499\" src=\"https:\/\/www.edubox.ch\/shop\/wp-content\/uploads\/SBFI_Link-Button_de.gif\" alt=\"Bundesbeitr\u00e4ge didgen\u00f6ssische Pr\u00fcfungen\" width=\"200\" height=\"200\" \/><\/p>\n<p>Wer sich auf eine eidgen\u00f6ssische Pr\u00fcfung vorbereitet, wird vom Bund finanziell unterst\u00fctzt. Bei einer <strong>Berufspr\u00fcfung \u00abHauswartinnen und Hauswarte mit eidg. Fachausweis\u00bb<\/strong> betr\u00e4gt der <strong>Bundesbeitrag 50 % bis maximal 9\u2019500 Franken<\/strong>. Die Regelung gilt seit dem 1. Januar 2018.<\/p>\n<p>Detailliertere Informationen entnehmen Sie dieser Seite: <a href=\"https:\/\/www.edubox.ch\/shop\/bundesbeitrage-eidgenossische-prufungen\/\">Bundesbeitr\u00e4ge eidgen\u00f6ssische Pr\u00fcfungen.<\/a><\/p>\n<h2>Brosch\u00fcre<\/h2>\n<p>M\u00f6chten Sie das Angebot lieber im pdf-Format lesen? Hier k\u00f6nnen Sie die <a href=\"https:\/\/www.edubox.ch\/shop\/wp-content\/uploads\/broschueren\/Brosch%C3%BCre%20ICDL%20Base%20-%201.%20virtuelle%20ICT-Schule%20CH.pdf\" target=\"_blank\" rel=\"noopener\"><strong> Brosch\u00fcre herunterladen.<\/strong><\/a><\/p>\n","protected":false},"featured_media":5117,"comment_status":"open","ping_status":"closed","template":"","meta":{"_lmt_disableupdate":"no","_lmt_disable":""},"product_brand":[664,665],"product_cat":[459],"product_tag":[11,479,626,628,480,624,627],"class_list":{"0":"post-5108","1":"product","2":"type-product","3":"status-publish","4":"has-post-thumbnail","6":"product_brand-ecdl","7":"product_brand-icdl","8":"product_cat-schulungen","9":"product_tag-ecdl","10":"product_tag-ecdl-base","11":"product_tag-hauswart","12":"product_tag-hauswartin","13":"product_tag-hauswartin-hauswart-mit-eidgenoessischem-fachausweis","14":"product_tag-icdl","15":"product_tag-icdl-base","17":"first","18":"instock","19":"taxable","20":"shipping-taxable","21":"purchasable","22":"product-type-variable"},"yoast_head":"<!-- This site is optimized with the Yoast SEO plugin v27.2 - https:\/\/yoast.com\/product\/yoast-seo-wordpress\/ -->\n<title>ICDL ECDL Base Hauswart: Zertifikat f\u00fcr digitale F\u00e4higkeiten - EduBox GmbH<\/title>\n<meta name=\"description\" content=\"Erhalten Sie mit dem ICDL\/ECDL Base Hauswart\/in Zertifikat sichere Computerkenntnisse! Starten Sie jetzt Ihre digitale Weiterbildung. \ud83d\udcda\" \/>\n<meta name=\"robots\" content=\"index, follow, max-snippet:-1, max-image-preview:large, max-video-preview:-1\" \/>\n<link rel=\"canonical\" href=\"https:\/\/www.edubox.ch\/shop\/produkt\/icdl-base-hauswartende\/\" \/>\n<meta property=\"og:locale\" content=\"de_DE\" \/>\n<meta property=\"og:type\" content=\"article\" \/>\n<meta property=\"og:title\" content=\"ICDL ECDL Base Hauswart: Zertifikat f\u00fcr digitale F\u00e4higkeiten - EduBox GmbH\" \/>\n<meta property=\"og:description\" content=\"Erhalten Sie mit dem ICDL\/ECDL Base Hauswart\/in Zertifikat sichere Computerkenntnisse! Starten Sie jetzt Ihre digitale Weiterbildung. \ud83d\udcda\" \/>\n<meta property=\"og:url\" content=\"https:\/\/www.edubox.ch\/shop\/produkt\/icdl-base-hauswartende\/\" \/>\n<meta property=\"og:site_name\" content=\"EduBox GmbH\" \/>\n<meta property=\"article:publisher\" content=\"https:\/\/www.facebook.com\/EduBox.CH\" \/>\n<meta property=\"article:modified_time\" content=\"2026-03-11T16:46:15+00:00\" \/>\n<meta property=\"og:image\" content=\"https:\/\/www.edubox.ch\/shop\/wp-content\/uploads\/0f163a6d-2169-4afc-b26b-91a64a747e9d.jpg\" \/>\n\t<meta property=\"og:image:width\" content=\"1792\" \/>\n\t<meta property=\"og:image:height\" content=\"1024\" \/>\n\t<meta property=\"og:image:type\" content=\"image\/jpeg\" \/>\n<meta name=\"twitter:card\" content=\"summary_large_image\" \/>\n<meta name=\"twitter:site\" content=\"@EduBox_CH\" \/>\n<meta name=\"twitter:label1\" content=\"Gesch\u00e4tzte Lesezeit\" \/>\n\t<meta name=\"twitter:data1\" content=\"1\u00a0Minute\" \/>\n<script type=\"application\/ld+json\" class=\"yoast-schema-graph\">{\"@context\":\"https:\/\/schema.org\",\"@graph\":[{\"@type\":\"WebPage\",\"@id\":\"https:\/\/www.edubox.ch\/shop\/produkt\/icdl-base-hauswartende\/\",\"url\":\"https:\/\/www.edubox.ch\/shop\/produkt\/icdl-base-hauswartende\/\",\"name\":\"ICDL ECDL Base Hauswart: Zertifikat f\u00fcr digitale F\u00e4higkeiten - EduBox GmbH\",\"isPartOf\":{\"@id\":\"https:\/\/www.edubox.ch\/shop\/#website\"},\"primaryImageOfPage\":{\"@id\":\"https:\/\/www.edubox.ch\/shop\/produkt\/icdl-base-hauswartende\/#primaryimage\"},\"image\":{\"@id\":\"https:\/\/www.edubox.ch\/shop\/produkt\/icdl-base-hauswartende\/#primaryimage\"},\"thumbnailUrl\":\"https:\/\/www.edubox.ch\/shop\/wp-content\/uploads\/0f163a6d-2169-4afc-b26b-91a64a747e9d.jpg\",\"datePublished\":\"2024-10-17T08:47:15+00:00\",\"dateModified\":\"2026-03-11T16:46:15+00:00\",\"description\":\"Erhalten Sie mit dem ICDL\/ECDL Base Hauswart\/in Zertifikat sichere Computerkenntnisse! Starten Sie jetzt Ihre digitale Weiterbildung. \ud83d\udcda\",\"breadcrumb\":{\"@id\":\"https:\/\/www.edubox.ch\/shop\/produkt\/icdl-base-hauswartende\/#breadcrumb\"},\"inLanguage\":\"de-CH\",\"potentialAction\":[{\"@type\":\"ReadAction\",\"target\":[\"https:\/\/www.edubox.ch\/shop\/produkt\/icdl-base-hauswartende\/\"]}]},{\"@type\":\"ImageObject\",\"inLanguage\":\"de-CH\",\"@id\":\"https:\/\/www.edubox.ch\/shop\/produkt\/icdl-base-hauswartende\/#primaryimage\",\"url\":\"https:\/\/www.edubox.ch\/shop\/wp-content\/uploads\/0f163a6d-2169-4afc-b26b-91a64a747e9d.jpg\",\"contentUrl\":\"https:\/\/www.edubox.ch\/shop\/wp-content\/uploads\/0f163a6d-2169-4afc-b26b-91a64a747e9d.jpg\",\"width\":1792,\"height\":1024,\"caption\":\"Hauswart B\u00fcro E-Learning ICDL\"},{\"@type\":\"BreadcrumbList\",\"@id\":\"https:\/\/www.edubox.ch\/shop\/produkt\/icdl-base-hauswartende\/#breadcrumb\",\"itemListElement\":[{\"@type\":\"ListItem\",\"position\":1,\"name\":\"Startseite\",\"item\":\"https:\/\/www.edubox.ch\/shop\/\"},{\"@type\":\"ListItem\",\"position\":2,\"name\":\"Alle Produkte\",\"item\":\"https:\/\/www.edubox.ch\/shop\/alle-produkte\/\"},{\"@type\":\"ListItem\",\"position\":3,\"name\":\"ICDL\/ECDL Base f\u00fcr Hauswartinnen und Hauswarte (alles inklusive)\"}]},{\"@type\":\"WebSite\",\"@id\":\"https:\/\/www.edubox.ch\/shop\/#website\",\"url\":\"https:\/\/www.edubox.ch\/shop\/\",\"name\":\"EduBox GmbH\",\"description\":\"Die erste virtuelle ICT-Schule der Schweiz!\",\"publisher\":{\"@id\":\"https:\/\/www.edubox.ch\/shop\/#organization\"},\"potentialAction\":[{\"@type\":\"SearchAction\",\"target\":{\"@type\":\"EntryPoint\",\"urlTemplate\":\"https:\/\/www.edubox.ch\/shop\/?s={search_term_string}\"},\"query-input\":{\"@type\":\"PropertyValueSpecification\",\"valueRequired\":true,\"valueName\":\"search_term_string\"}}],\"inLanguage\":\"de-CH\"},{\"@type\":\"Organization\",\"@id\":\"https:\/\/www.edubox.ch\/shop\/#organization\",\"name\":\"EduBox GmbH\",\"url\":\"https:\/\/www.edubox.ch\/shop\/\",\"logo\":{\"@type\":\"ImageObject\",\"inLanguage\":\"de-CH\",\"@id\":\"https:\/\/www.edubox.ch\/shop\/#\/schema\/logo\/image\/\",\"url\":\"https:\/\/www.edubox.ch\/shop\/wp-content\/uploads\/Logo-Laengs-ohne-Slogan-Transparent-Hoehe-1.5cm-fuer-Lehrbuch-KfK.png\",\"contentUrl\":\"https:\/\/www.edubox.ch\/shop\/wp-content\/uploads\/Logo-Laengs-ohne-Slogan-Transparent-Hoehe-1.5cm-fuer-Lehrbuch-KfK.png\",\"width\":725,\"height\":177,\"caption\":\"EduBox GmbH\"},\"image\":{\"@id\":\"https:\/\/www.edubox.ch\/shop\/#\/schema\/logo\/image\/\"},\"sameAs\":[\"https:\/\/www.facebook.com\/EduBox.CH\",\"https:\/\/x.com\/EduBox_CH\",\"https:\/\/www.linkedin.com\/company\/2981682\/admin\/dashboard\/\",\"https:\/\/www.xing.com\/pages\/eduboxgmbh\"]}]}<\/script>\n<!-- \/ Yoast SEO plugin. -->","yoast_head_json":{"title":"ICDL ECDL Base Hauswart: Zertifikat f\u00fcr digitale F\u00e4higkeiten - EduBox GmbH","description":"Erhalten Sie mit dem ICDL\/ECDL Base Hauswart\/in Zertifikat sichere Computerkenntnisse! Starten Sie jetzt Ihre digitale Weiterbildung. \ud83d\udcda","robots":{"index":"index","follow":"follow","max-snippet":"max-snippet:-1","max-image-preview":"max-image-preview:large","max-video-preview":"max-video-preview:-1"},"canonical":"https:\/\/www.edubox.ch\/shop\/produkt\/icdl-base-hauswartende\/","og_locale":"de_DE","og_type":"article","og_title":"ICDL ECDL Base Hauswart: Zertifikat f\u00fcr digitale F\u00e4higkeiten - EduBox GmbH","og_description":"Erhalten Sie mit dem ICDL\/ECDL Base Hauswart\/in Zertifikat sichere Computerkenntnisse! Starten Sie jetzt Ihre digitale Weiterbildung. \ud83d\udcda","og_url":"https:\/\/www.edubox.ch\/shop\/produkt\/icdl-base-hauswartende\/","og_site_name":"EduBox GmbH","article_publisher":"https:\/\/www.facebook.com\/EduBox.CH","article_modified_time":"2026-03-11T16:46:15+00:00","og_image":[{"width":1792,"height":1024,"url":"https:\/\/www.edubox.ch\/shop\/wp-content\/uploads\/0f163a6d-2169-4afc-b26b-91a64a747e9d.jpg","type":"image\/jpeg"}],"twitter_card":"summary_large_image","twitter_site":"@EduBox_CH","twitter_misc":{"Gesch\u00e4tzte Lesezeit":"1\u00a0Minute"},"schema":{"@context":"https:\/\/schema.org","@graph":[{"@type":"WebPage","@id":"https:\/\/www.edubox.ch\/shop\/produkt\/icdl-base-hauswartende\/","url":"https:\/\/www.edubox.ch\/shop\/produkt\/icdl-base-hauswartende\/","name":"ICDL ECDL Base Hauswart: Zertifikat f\u00fcr digitale F\u00e4higkeiten - EduBox GmbH","isPartOf":{"@id":"https:\/\/www.edubox.ch\/shop\/#website"},"primaryImageOfPage":{"@id":"https:\/\/www.edubox.ch\/shop\/produkt\/icdl-base-hauswartende\/#primaryimage"},"image":{"@id":"https:\/\/www.edubox.ch\/shop\/produkt\/icdl-base-hauswartende\/#primaryimage"},"thumbnailUrl":"https:\/\/www.edubox.ch\/shop\/wp-content\/uploads\/0f163a6d-2169-4afc-b26b-91a64a747e9d.jpg","datePublished":"2024-10-17T08:47:15+00:00","dateModified":"2026-03-11T16:46:15+00:00","description":"Erhalten Sie mit dem ICDL\/ECDL Base Hauswart\/in Zertifikat sichere Computerkenntnisse! Starten Sie jetzt Ihre digitale Weiterbildung. \ud83d\udcda","breadcrumb":{"@id":"https:\/\/www.edubox.ch\/shop\/produkt\/icdl-base-hauswartende\/#breadcrumb"},"inLanguage":"de-CH","potentialAction":[{"@type":"ReadAction","target":["https:\/\/www.edubox.ch\/shop\/produkt\/icdl-base-hauswartende\/"]}]},{"@type":"ImageObject","inLanguage":"de-CH","@id":"https:\/\/www.edubox.ch\/shop\/produkt\/icdl-base-hauswartende\/#primaryimage","url":"https:\/\/www.edubox.ch\/shop\/wp-content\/uploads\/0f163a6d-2169-4afc-b26b-91a64a747e9d.jpg","contentUrl":"https:\/\/www.edubox.ch\/shop\/wp-content\/uploads\/0f163a6d-2169-4afc-b26b-91a64a747e9d.jpg","width":1792,"height":1024,"caption":"Hauswart B\u00fcro E-Learning ICDL"},{"@type":"BreadcrumbList","@id":"https:\/\/www.edubox.ch\/shop\/produkt\/icdl-base-hauswartende\/#breadcrumb","itemListElement":[{"@type":"ListItem","position":1,"name":"Startseite","item":"https:\/\/www.edubox.ch\/shop\/"},{"@type":"ListItem","position":2,"name":"Alle Produkte","item":"https:\/\/www.edubox.ch\/shop\/alle-produkte\/"},{"@type":"ListItem","position":3,"name":"ICDL\/ECDL Base f\u00fcr Hauswartinnen und Hauswarte (alles inklusive)"}]},{"@type":"WebSite","@id":"https:\/\/www.edubox.ch\/shop\/#website","url":"https:\/\/www.edubox.ch\/shop\/","name":"EduBox GmbH","description":"Die erste virtuelle ICT-Schule der Schweiz!","publisher":{"@id":"https:\/\/www.edubox.ch\/shop\/#organization"},"potentialAction":[{"@type":"SearchAction","target":{"@type":"EntryPoint","urlTemplate":"https:\/\/www.edubox.ch\/shop\/?s={search_term_string}"},"query-input":{"@type":"PropertyValueSpecification","valueRequired":true,"valueName":"search_term_string"}}],"inLanguage":"de-CH"},{"@type":"Organization","@id":"https:\/\/www.edubox.ch\/shop\/#organization","name":"EduBox GmbH","url":"https:\/\/www.edubox.ch\/shop\/","logo":{"@type":"ImageObject","inLanguage":"de-CH","@id":"https:\/\/www.edubox.ch\/shop\/#\/schema\/logo\/image\/","url":"https:\/\/www.edubox.ch\/shop\/wp-content\/uploads\/Logo-Laengs-ohne-Slogan-Transparent-Hoehe-1.5cm-fuer-Lehrbuch-KfK.png","contentUrl":"https:\/\/www.edubox.ch\/shop\/wp-content\/uploads\/Logo-Laengs-ohne-Slogan-Transparent-Hoehe-1.5cm-fuer-Lehrbuch-KfK.png","width":725,"height":177,"caption":"EduBox GmbH"},"image":{"@id":"https:\/\/www.edubox.ch\/shop\/#\/schema\/logo\/image\/"},"sameAs":["https:\/\/www.facebook.com\/EduBox.CH","https:\/\/x.com\/EduBox_CH","https:\/\/www.linkedin.com\/company\/2981682\/admin\/dashboard\/","https:\/\/www.xing.com\/pages\/eduboxgmbh"]}]}},"_links":{"self":[{"href":"https:\/\/www.edubox.ch\/shop\/wp-json\/wp\/v2\/product\/5108","targetHints":{"allow":["GET"]}}],"collection":[{"href":"https:\/\/www.edubox.ch\/shop\/wp-json\/wp\/v2\/product"}],"about":[{"href":"https:\/\/www.edubox.ch\/shop\/wp-json\/wp\/v2\/types\/product"}],"replies":[{"embeddable":true,"href":"https:\/\/www.edubox.ch\/shop\/wp-json\/wp\/v2\/comments?post=5108"}],"wp:featuredmedia":[{"embeddable":true,"href":"https:\/\/www.edubox.ch\/shop\/wp-json\/wp\/v2\/media\/5117"}],"wp:attachment":[{"href":"https:\/\/www.edubox.ch\/shop\/wp-json\/wp\/v2\/media?parent=5108"}],"wp:term":[{"taxonomy":"product_brand","embeddable":true,"href":"https:\/\/www.edubox.ch\/shop\/wp-json\/wp\/v2\/product_brand?post=5108"},{"taxonomy":"product_cat","embeddable":true,"href":"https:\/\/www.edubox.ch\/shop\/wp-json\/wp\/v2\/product_cat?post=5108"},{"taxonomy":"product_tag","embeddable":true,"href":"https:\/\/www.edubox.ch\/shop\/wp-json\/wp\/v2\/product_tag?post=5108"}],"curies":[{"name":"wp","href":"https:\/\/api.w.org\/{rel}","templated":true}]}}