{"id":5671,"date":"2025-09-10T11:02:38","date_gmt":"2025-09-10T10:02:38","guid":{"rendered":"https:\/\/www.edubox.ch\/shop\/?post_type=product&#038;p=5671"},"modified":"2026-03-11T17:47:33","modified_gmt":"2026-03-11T16:47:33","slug":"icdl-workforce-e-learning-im-selbststudium-4-module","status":"publish","type":"product","link":"https:\/\/www.edubox.ch\/shop\/produkt\/icdl-workforce-e-learning-im-selbststudium-4-module\/","title":{"rendered":"ICDL Workforce Base E-Learning im Selbststudium (4 Module)"},"content":{"rendered":"<p>Der ICDL \u00a0\u00abInternational Certification of Digital Literacy\u00bb (auf Deutsch: \u00abInternationales Zertifikat f\u00fcr digitale F\u00e4higkeiten\u00bb) ist ein international anerkanntes Zertifikat, das praktische Fertigkeiten in den gebr\u00e4uchlichsten Computeranwendungen bescheinigt. Zur Erreichung eines ICDL Zertifikats werden einzelne Modulpr\u00fcfungen an einem ICDL Test Center (EduBox GmbH) absolviert. Kandidatinnen und Kandidaten k\u00f6nnen ihre Kenntnisse auf den Stufen \u00abICDL Base\u00bb, \u00abICDL Workforce Base\u00bb, \u00abICDL Standard\u00bb und \u00abICDL Advanced\u00bb beweisen.<\/p>\n<p>In unseren virtuellen Schulungsangeboten erlernen Sie die Testinhalte der vier \u00abICDL Workforce Base\u00bb Module. Das \u00abICDL Workforce Base\u00bb Zertifikat belegt solide Kenntnisse im Umgang mit dem Betriebssystem, Internetanwendungen, Textverarbeitung, Tabellenkalkulation und Pr\u00e4sentation.<\/p>\n<ul>\n<li style=\"--tw-scale-x: 1; --tw-scale-y: 1; --tw-scroll-snap-strictness: proximity; --tw-ring-offset-width: 0px; --tw-ring-offset-color: #fff; --tw-ring-color: #3b82f680; --tw-ring-offset-shadow: 0 0 #0000; --tw-ring-shadow: 0 0 #0000; --tw-shadow: 0 0 #0000; --tw-shadow-colored: 0 0 #0000;\"><strong style=\"--tw-scale-x: 1; --tw-scale-y: 1; --tw-scroll-snap-strictness: proximity; --tw-ring-offset-width: 0px; --tw-ring-offset-color: #fff; --tw-ring-color: #3b82f680; --tw-ring-offset-shadow: 0 0 #0000; --tw-ring-shadow: 0 0 #0000; --tw-shadow: 0 0 #0000; --tw-shadow-colored: 0 0 #0000;\">Computer- &amp; Online-Grundlagen<br style=\"--tw-scale-x: 1; --tw-scale-y: 1; --tw-scroll-snap-strictness: proximity; --tw-ring-offset-width: 0px; --tw-ring-offset-color: #fff; --tw-ring-color: #3b82f680; --tw-ring-offset-shadow: 0 0 #0000; --tw-ring-shadow: 0 0 #0000; --tw-shadow: 0 0 #0000; --tw-shadow-colored: 0 0 #0000;\" \/><\/strong>Dieses Modul behandelt die wesentlichen Kenntnisse und Fertigkeiten, die bei der Nutzung von Computern und Ger\u00e4ten, bei der Verwaltung von Dateien und Anwendungen, beim Umgang mit Online-Information, Online-Kommunikation und Online-Sicherheit erforderlich sind.<\/li>\n<li><strong>Textverarbeitung mit Word<br \/>\n<\/strong>Dieses Modul behandelt die wesentlichen Kenntnisse und Fertigkeiten, die beim Einsatz eines Textverarbeitungsprogrammes zur Erstellung allt\u00e4glicher Briefe und Dokumente erforderlich sind.<\/li>\n<li><strong>Tabellenkalkulation mit Excel <\/strong><br \/>\nDieses Modul behandelt grundlegende Begriffe der Tabellenkalkulation und die wesentlichen Fertigkeiten, die beim Einsatz eines Tabellenkalkulationsprogramms zur Einstellung von druckfertigen Unterlagen erforderlich sind.<\/li>\n<li><strong>Pr\u00e4sentation<br \/>\n<\/strong>Dieses Modul behandelt die wesentlichen Kenntnisse und Fertigkeiten, die f\u00fcr die kompetente Nutzung eines Pr\u00e4sentationsprogramms erforderlich sind.<\/li>\n<\/ul>\n<p>Das Ziel unserer virtuellen Schulungen ist somit die Vorbereitung, das Durchf\u00fchren sowie das Bestehen der vier \u00abICDL Workforce Base\u00bb Zertifikatspr\u00fcfungen und damit das Erlangen des \u00abICDL Workforce Base Zertifikates\u00bb.<\/p>\n<p>&nbsp;<\/p>\n","protected":false},"excerpt":{"rendered":"<p>Hier lernen Sie selbst\u00e4ndig mit den e-Learning Kurse von bit media. Diese stehen f\u00fcr praxisnahen Zugang zur Thematik und nachhaltigen Lernerfolg. Die Lernprogramme nutzen dabei modernste Content Technologie um effektive und kurzweilige Lernerlebnisse zu bieten: Einfache und \u00fcbersichtliche Navigation, volle Skalierbarkeit der Lerninhalte und die Suche nach individuellen Themen.<\/p>\n<p>Am Ende jedes Webkursmoduls f\u00fchren Sie zu Hause einen Probepr\u00fcfung PREMIUM (ICDL Tutorial Test) zur Pr\u00fcfungsvorbereitung durch. Danach vereinbaren Sie mit uns einen virtuellen Pr\u00fcfungstermin.<\/p>\n<p>Eine hohe Selbstdisziplin ist bei dieser Art des Lernens eine wichtige Voraussetzung.<\/p>\n","protected":false},"featured_media":5674,"comment_status":"open","ping_status":"closed","template":"","meta":{"_lmt_disableupdate":"no","_lmt_disable":""},"product_brand":[665],"product_cat":[459],"product_tag":[624,654,667],"class_list":{"0":"post-5671","1":"product","2":"type-product","3":"status-publish","4":"has-post-thumbnail","6":"product_brand-icdl","7":"product_cat-schulungen","8":"product_tag-icdl","9":"product_tag-icdl-workforce","10":"product_tag-icdl-workforce-base","12":"first","13":"instock","14":"taxable","15":"shipping-taxable","16":"purchasable","17":"product-type-variable"},"yoast_head":"<!-- This site is optimized with the Yoast SEO plugin v27.2 - https:\/\/yoast.com\/product\/yoast-seo-wordpress\/ -->\n<title>ICDL Workforce Base: Zertifikat f\u00fcr digitale F\u00e4higkeiten - EduBox GmbH<\/title>\n<meta name=\"description\" content=\"Erhalten Sie mit dem ICDL Workforce Base Zertifikat sichere Computerkenntnisse! Starten Sie jetzt Ihre digitale Weiterbildung. \ud83d\udcda\" \/>\n<meta name=\"robots\" content=\"index, follow, max-snippet:-1, max-image-preview:large, max-video-preview:-1\" \/>\n<link rel=\"canonical\" href=\"https:\/\/www.edubox.ch\/shop\/produkt\/icdl-workforce-e-learning-im-selbststudium-4-module\/\" \/>\n<meta property=\"og:locale\" content=\"de_DE\" \/>\n<meta property=\"og:type\" content=\"article\" \/>\n<meta property=\"og:title\" content=\"ICDL Workforce Base: Zertifikat f\u00fcr digitale F\u00e4higkeiten - EduBox GmbH\" \/>\n<meta property=\"og:description\" content=\"Erhalten Sie mit dem ICDL Workforce Base Zertifikat sichere Computerkenntnisse! Starten Sie jetzt Ihre digitale Weiterbildung. \ud83d\udcda\" \/>\n<meta property=\"og:url\" content=\"https:\/\/www.edubox.ch\/shop\/produkt\/icdl-workforce-e-learning-im-selbststudium-4-module\/\" \/>\n<meta property=\"og:site_name\" content=\"EduBox GmbH\" \/>\n<meta property=\"article:publisher\" content=\"https:\/\/www.facebook.com\/EduBox.CH\" \/>\n<meta property=\"article:modified_time\" content=\"2026-03-11T16:47:33+00:00\" \/>\n<meta property=\"og:image\" content=\"https:\/\/www.edubox.ch\/shop\/wp-content\/uploads\/ICDL-Workforce-im-E-Learning-1024x683.png\" \/>\n\t<meta property=\"og:image:width\" content=\"1024\" \/>\n\t<meta property=\"og:image:height\" content=\"683\" \/>\n\t<meta property=\"og:image:type\" content=\"image\/png\" \/>\n<meta name=\"twitter:card\" content=\"summary_large_image\" \/>\n<meta name=\"twitter:site\" content=\"@EduBox_CH\" \/>\n<meta name=\"twitter:label1\" content=\"Gesch\u00e4tzte Lesezeit\" \/>\n\t<meta name=\"twitter:data1\" content=\"2\u00a0Minuten\" \/>\n<script type=\"application\/ld+json\" class=\"yoast-schema-graph\">{\"@context\":\"https:\/\/schema.org\",\"@graph\":[{\"@type\":\"WebPage\",\"@id\":\"https:\/\/www.edubox.ch\/shop\/produkt\/icdl-workforce-e-learning-im-selbststudium-4-module\/\",\"url\":\"https:\/\/www.edubox.ch\/shop\/produkt\/icdl-workforce-e-learning-im-selbststudium-4-module\/\",\"name\":\"ICDL Workforce Base: Zertifikat f\u00fcr digitale F\u00e4higkeiten - EduBox GmbH\",\"isPartOf\":{\"@id\":\"https:\/\/www.edubox.ch\/shop\/#website\"},\"primaryImageOfPage\":{\"@id\":\"https:\/\/www.edubox.ch\/shop\/produkt\/icdl-workforce-e-learning-im-selbststudium-4-module\/#primaryimage\"},\"image\":{\"@id\":\"https:\/\/www.edubox.ch\/shop\/produkt\/icdl-workforce-e-learning-im-selbststudium-4-module\/#primaryimage\"},\"thumbnailUrl\":\"https:\/\/www.edubox.ch\/shop\/wp-content\/uploads\/ICDL-Workforce-im-E-Learning.png\",\"datePublished\":\"2025-09-10T10:02:38+00:00\",\"dateModified\":\"2026-03-11T16:47:33+00:00\",\"description\":\"Erhalten Sie mit dem ICDL Workforce Base Zertifikat sichere Computerkenntnisse! Starten Sie jetzt Ihre digitale Weiterbildung. \ud83d\udcda\",\"breadcrumb\":{\"@id\":\"https:\/\/www.edubox.ch\/shop\/produkt\/icdl-workforce-e-learning-im-selbststudium-4-module\/#breadcrumb\"},\"inLanguage\":\"de-CH\",\"potentialAction\":[{\"@type\":\"ReadAction\",\"target\":[\"https:\/\/www.edubox.ch\/shop\/produkt\/icdl-workforce-e-learning-im-selbststudium-4-module\/\"]}]},{\"@type\":\"ImageObject\",\"inLanguage\":\"de-CH\",\"@id\":\"https:\/\/www.edubox.ch\/shop\/produkt\/icdl-workforce-e-learning-im-selbststudium-4-module\/#primaryimage\",\"url\":\"https:\/\/www.edubox.ch\/shop\/wp-content\/uploads\/ICDL-Workforce-im-E-Learning.png\",\"contentUrl\":\"https:\/\/www.edubox.ch\/shop\/wp-content\/uploads\/ICDL-Workforce-im-E-Learning.png\",\"width\":1536,\"height\":1024},{\"@type\":\"BreadcrumbList\",\"@id\":\"https:\/\/www.edubox.ch\/shop\/produkt\/icdl-workforce-e-learning-im-selbststudium-4-module\/#breadcrumb\",\"itemListElement\":[{\"@type\":\"ListItem\",\"position\":1,\"name\":\"Startseite\",\"item\":\"https:\/\/www.edubox.ch\/shop\/\"},{\"@type\":\"ListItem\",\"position\":2,\"name\":\"Alle Produkte\",\"item\":\"https:\/\/www.edubox.ch\/shop\/alle-produkte\/\"},{\"@type\":\"ListItem\",\"position\":3,\"name\":\"ICDL Workforce Base E-Learning im Selbststudium (4 Module)\"}]},{\"@type\":\"WebSite\",\"@id\":\"https:\/\/www.edubox.ch\/shop\/#website\",\"url\":\"https:\/\/www.edubox.ch\/shop\/\",\"name\":\"EduBox GmbH\",\"description\":\"Die erste virtuelle ICT-Schule der Schweiz!\",\"publisher\":{\"@id\":\"https:\/\/www.edubox.ch\/shop\/#organization\"},\"potentialAction\":[{\"@type\":\"SearchAction\",\"target\":{\"@type\":\"EntryPoint\",\"urlTemplate\":\"https:\/\/www.edubox.ch\/shop\/?s={search_term_string}\"},\"query-input\":{\"@type\":\"PropertyValueSpecification\",\"valueRequired\":true,\"valueName\":\"search_term_string\"}}],\"inLanguage\":\"de-CH\"},{\"@type\":\"Organization\",\"@id\":\"https:\/\/www.edubox.ch\/shop\/#organization\",\"name\":\"EduBox GmbH\",\"url\":\"https:\/\/www.edubox.ch\/shop\/\",\"logo\":{\"@type\":\"ImageObject\",\"inLanguage\":\"de-CH\",\"@id\":\"https:\/\/www.edubox.ch\/shop\/#\/schema\/logo\/image\/\",\"url\":\"https:\/\/www.edubox.ch\/shop\/wp-content\/uploads\/Logo-Laengs-ohne-Slogan-Transparent-Hoehe-1.5cm-fuer-Lehrbuch-KfK.png\",\"contentUrl\":\"https:\/\/www.edubox.ch\/shop\/wp-content\/uploads\/Logo-Laengs-ohne-Slogan-Transparent-Hoehe-1.5cm-fuer-Lehrbuch-KfK.png\",\"width\":725,\"height\":177,\"caption\":\"EduBox GmbH\"},\"image\":{\"@id\":\"https:\/\/www.edubox.ch\/shop\/#\/schema\/logo\/image\/\"},\"sameAs\":[\"https:\/\/www.facebook.com\/EduBox.CH\",\"https:\/\/x.com\/EduBox_CH\",\"https:\/\/www.linkedin.com\/company\/2981682\/admin\/dashboard\/\",\"https:\/\/www.xing.com\/pages\/eduboxgmbh\"]}]}<\/script>\n<!-- \/ Yoast SEO plugin. -->","yoast_head_json":{"title":"ICDL Workforce Base: Zertifikat f\u00fcr digitale F\u00e4higkeiten - EduBox GmbH","description":"Erhalten Sie mit dem ICDL Workforce Base Zertifikat sichere Computerkenntnisse! Starten Sie jetzt Ihre digitale Weiterbildung. \ud83d\udcda","robots":{"index":"index","follow":"follow","max-snippet":"max-snippet:-1","max-image-preview":"max-image-preview:large","max-video-preview":"max-video-preview:-1"},"canonical":"https:\/\/www.edubox.ch\/shop\/produkt\/icdl-workforce-e-learning-im-selbststudium-4-module\/","og_locale":"de_DE","og_type":"article","og_title":"ICDL Workforce Base: Zertifikat f\u00fcr digitale F\u00e4higkeiten - EduBox GmbH","og_description":"Erhalten Sie mit dem ICDL Workforce Base Zertifikat sichere Computerkenntnisse! Starten Sie jetzt Ihre digitale Weiterbildung. \ud83d\udcda","og_url":"https:\/\/www.edubox.ch\/shop\/produkt\/icdl-workforce-e-learning-im-selbststudium-4-module\/","og_site_name":"EduBox GmbH","article_publisher":"https:\/\/www.facebook.com\/EduBox.CH","article_modified_time":"2026-03-11T16:47:33+00:00","og_image":[{"width":1024,"height":683,"url":"https:\/\/www.edubox.ch\/shop\/wp-content\/uploads\/ICDL-Workforce-im-E-Learning-1024x683.png","type":"image\/png"}],"twitter_card":"summary_large_image","twitter_site":"@EduBox_CH","twitter_misc":{"Gesch\u00e4tzte Lesezeit":"2\u00a0Minuten"},"schema":{"@context":"https:\/\/schema.org","@graph":[{"@type":"WebPage","@id":"https:\/\/www.edubox.ch\/shop\/produkt\/icdl-workforce-e-learning-im-selbststudium-4-module\/","url":"https:\/\/www.edubox.ch\/shop\/produkt\/icdl-workforce-e-learning-im-selbststudium-4-module\/","name":"ICDL Workforce Base: Zertifikat f\u00fcr digitale F\u00e4higkeiten - EduBox GmbH","isPartOf":{"@id":"https:\/\/www.edubox.ch\/shop\/#website"},"primaryImageOfPage":{"@id":"https:\/\/www.edubox.ch\/shop\/produkt\/icdl-workforce-e-learning-im-selbststudium-4-module\/#primaryimage"},"image":{"@id":"https:\/\/www.edubox.ch\/shop\/produkt\/icdl-workforce-e-learning-im-selbststudium-4-module\/#primaryimage"},"thumbnailUrl":"https:\/\/www.edubox.ch\/shop\/wp-content\/uploads\/ICDL-Workforce-im-E-Learning.png","datePublished":"2025-09-10T10:02:38+00:00","dateModified":"2026-03-11T16:47:33+00:00","description":"Erhalten Sie mit dem ICDL Workforce Base Zertifikat sichere Computerkenntnisse! Starten Sie jetzt Ihre digitale Weiterbildung. \ud83d\udcda","breadcrumb":{"@id":"https:\/\/www.edubox.ch\/shop\/produkt\/icdl-workforce-e-learning-im-selbststudium-4-module\/#breadcrumb"},"inLanguage":"de-CH","potentialAction":[{"@type":"ReadAction","target":["https:\/\/www.edubox.ch\/shop\/produkt\/icdl-workforce-e-learning-im-selbststudium-4-module\/"]}]},{"@type":"ImageObject","inLanguage":"de-CH","@id":"https:\/\/www.edubox.ch\/shop\/produkt\/icdl-workforce-e-learning-im-selbststudium-4-module\/#primaryimage","url":"https:\/\/www.edubox.ch\/shop\/wp-content\/uploads\/ICDL-Workforce-im-E-Learning.png","contentUrl":"https:\/\/www.edubox.ch\/shop\/wp-content\/uploads\/ICDL-Workforce-im-E-Learning.png","width":1536,"height":1024},{"@type":"BreadcrumbList","@id":"https:\/\/www.edubox.ch\/shop\/produkt\/icdl-workforce-e-learning-im-selbststudium-4-module\/#breadcrumb","itemListElement":[{"@type":"ListItem","position":1,"name":"Startseite","item":"https:\/\/www.edubox.ch\/shop\/"},{"@type":"ListItem","position":2,"name":"Alle Produkte","item":"https:\/\/www.edubox.ch\/shop\/alle-produkte\/"},{"@type":"ListItem","position":3,"name":"ICDL Workforce Base E-Learning im Selbststudium (4 Module)"}]},{"@type":"WebSite","@id":"https:\/\/www.edubox.ch\/shop\/#website","url":"https:\/\/www.edubox.ch\/shop\/","name":"EduBox GmbH","description":"Die erste virtuelle ICT-Schule der Schweiz!","publisher":{"@id":"https:\/\/www.edubox.ch\/shop\/#organization"},"potentialAction":[{"@type":"SearchAction","target":{"@type":"EntryPoint","urlTemplate":"https:\/\/www.edubox.ch\/shop\/?s={search_term_string}"},"query-input":{"@type":"PropertyValueSpecification","valueRequired":true,"valueName":"search_term_string"}}],"inLanguage":"de-CH"},{"@type":"Organization","@id":"https:\/\/www.edubox.ch\/shop\/#organization","name":"EduBox GmbH","url":"https:\/\/www.edubox.ch\/shop\/","logo":{"@type":"ImageObject","inLanguage":"de-CH","@id":"https:\/\/www.edubox.ch\/shop\/#\/schema\/logo\/image\/","url":"https:\/\/www.edubox.ch\/shop\/wp-content\/uploads\/Logo-Laengs-ohne-Slogan-Transparent-Hoehe-1.5cm-fuer-Lehrbuch-KfK.png","contentUrl":"https:\/\/www.edubox.ch\/shop\/wp-content\/uploads\/Logo-Laengs-ohne-Slogan-Transparent-Hoehe-1.5cm-fuer-Lehrbuch-KfK.png","width":725,"height":177,"caption":"EduBox GmbH"},"image":{"@id":"https:\/\/www.edubox.ch\/shop\/#\/schema\/logo\/image\/"},"sameAs":["https:\/\/www.facebook.com\/EduBox.CH","https:\/\/x.com\/EduBox_CH","https:\/\/www.linkedin.com\/company\/2981682\/admin\/dashboard\/","https:\/\/www.xing.com\/pages\/eduboxgmbh"]}]}},"_links":{"self":[{"href":"https:\/\/www.edubox.ch\/shop\/wp-json\/wp\/v2\/product\/5671","targetHints":{"allow":["GET"]}}],"collection":[{"href":"https:\/\/www.edubox.ch\/shop\/wp-json\/wp\/v2\/product"}],"about":[{"href":"https:\/\/www.edubox.ch\/shop\/wp-json\/wp\/v2\/types\/product"}],"replies":[{"embeddable":true,"href":"https:\/\/www.edubox.ch\/shop\/wp-json\/wp\/v2\/comments?post=5671"}],"wp:featuredmedia":[{"embeddable":true,"href":"https:\/\/www.edubox.ch\/shop\/wp-json\/wp\/v2\/media\/5674"}],"wp:attachment":[{"href":"https:\/\/www.edubox.ch\/shop\/wp-json\/wp\/v2\/media?parent=5671"}],"wp:term":[{"taxonomy":"product_brand","embeddable":true,"href":"https:\/\/www.edubox.ch\/shop\/wp-json\/wp\/v2\/product_brand?post=5671"},{"taxonomy":"product_cat","embeddable":true,"href":"https:\/\/www.edubox.ch\/shop\/wp-json\/wp\/v2\/product_cat?post=5671"},{"taxonomy":"product_tag","embeddable":true,"href":"https:\/\/www.edubox.ch\/shop\/wp-json\/wp\/v2\/product_tag?post=5671"}],"curies":[{"name":"wp","href":"https:\/\/api.w.org\/{rel}","templated":true}]}}