{"id":778,"date":"2017-03-20T14:34:00","date_gmt":"2017-03-20T13:34:00","guid":{"rendered":"https:\/\/www.edubox.ch\/shop\/produkt\/ecdl-zertifikatspruefung-tabellenkalkulation-advanced\/"},"modified":"2026-03-11T17:40:03","modified_gmt":"2026-03-11T16:40:03","slug":"ecdl-zertifikatspruefung-tabellenkalkulation-advanced","status":"publish","type":"product","link":"https:\/\/www.edubox.ch\/shop\/produkt\/ecdl-zertifikatspruefung-tabellenkalkulation-advanced\/","title":{"rendered":"ICDL\/ECDL Advanced: Zertifikatspr\u00fcfung &#171;Tabellenkalkulation&#187; (AM4)"},"content":{"rendered":"","protected":false},"excerpt":{"rendered":"<p>Wir sind seit 2014 ein approbiertes ICDL Test Center. All unsere <strong>Zertifikatspr\u00fcfungen<\/strong> (Modulpr\u00fcfungen) finden <strong>virtuell<\/strong> (online) statt. Wir f\u00fchren<strong> t\u00e4glich Zertifikatspr\u00fcfungen<\/strong> durch. <strong>Termine<\/strong> k\u00f6nnen <strong>kurzfristig<\/strong> gebucht werden.<\/p>\n<p>Weitere Informationen siehe auch weiter unten unter &#171;<strong>Zus\u00e4tzliche Information<\/strong>&#187;<\/p>\n<p><span style=\"color: #ff0000;\">Aktuell verf\u00fcgbare Pr\u00fcfungstermine: <strong><a href=\"https:\/\/www.edubox.ch\/icdl\/Anmeldung_1\" target=\"_blank\" rel=\"noopener\">https:\/\/www.edubox.ch\/icdl\/Anmeldung_1<\/a><\/strong><\/span><\/p>\n","protected":false},"featured_media":5333,"comment_status":"closed","ping_status":"closed","template":"","meta":{"_lmt_disableupdate":"no","_lmt_disable":""},"product_brand":[],"product_cat":[124,121],"product_tag":[],"class_list":{"0":"post-778","1":"product","2":"type-product","3":"status-publish","4":"has-post-thumbnail","6":"product_cat-advanced-ecdl","7":"product_cat-anmeldung-ecdl-pruefungen","9":"first","10":"instock","11":"taxable","12":"shipping-taxable","13":"purchasable","14":"product-type-variable"},"yoast_head":"<!-- This site is optimized with the Yoast SEO plugin v27.2 - https:\/\/yoast.com\/product\/yoast-seo-wordpress\/ -->\n<title>ICDL\/ECDL Advanced: Zertifikatspr\u00fcfung &quot;Tabellenkalkulation&quot; (AM4) - EduBox GmbH<\/title>\n<meta name=\"robots\" content=\"index, follow, max-snippet:-1, max-image-preview:large, max-video-preview:-1\" \/>\n<link rel=\"canonical\" href=\"https:\/\/www.edubox.ch\/shop\/produkt\/ecdl-zertifikatspruefung-tabellenkalkulation-advanced\/\" \/>\n<meta property=\"og:locale\" content=\"de_DE\" \/>\n<meta property=\"og:type\" content=\"article\" \/>\n<meta property=\"og:title\" content=\"ICDL\/ECDL Advanced: Zertifikatspr\u00fcfung &quot;Tabellenkalkulation&quot; (AM4) - EduBox GmbH\" \/>\n<meta property=\"og:description\" content=\"Wir sind seit 2014 ein approbiertes ICDL Test Center. All unsere Zertifikatspr\u00fcfungen (Modulpr\u00fcfungen) finden virtuell (online) statt. Wir f\u00fchren t\u00e4glich Zertifikatspr\u00fcfungen durch. Termine k\u00f6nnen kurzfristig gebucht werden.  Weitere Informationen siehe auch weiter unten unter &quot;Zus\u00e4tzliche Information&quot;  Aktuell verf\u00fcgbare Pr\u00fcfungstermine: https:\/\/www.edubox.ch\/icdl\/Anmeldung_1\" \/>\n<meta property=\"og:url\" content=\"https:\/\/www.edubox.ch\/shop\/produkt\/ecdl-zertifikatspruefung-tabellenkalkulation-advanced\/\" \/>\n<meta property=\"og:site_name\" content=\"EduBox GmbH\" \/>\n<meta property=\"article:publisher\" content=\"https:\/\/www.facebook.com\/EduBox.CH\" \/>\n<meta property=\"article:modified_time\" content=\"2026-03-11T16:40:03+00:00\" \/>\n<meta property=\"og:image\" content=\"https:\/\/www.edubox.ch\/shop\/wp-content\/uploads\/Designer-3.jpg\" \/>\n\t<meta property=\"og:image:width\" content=\"1024\" \/>\n\t<meta property=\"og:image:height\" content=\"1024\" \/>\n\t<meta property=\"og:image:type\" content=\"image\/jpeg\" \/>\n<meta name=\"twitter:card\" content=\"summary_large_image\" \/>\n<meta name=\"twitter:site\" content=\"@EduBox_CH\" \/>\n<meta name=\"twitter:label1\" content=\"Gesch\u00e4tzte Lesezeit\" \/>\n\t<meta name=\"twitter:data1\" content=\"1\u00a0Minute\" \/>\n<script type=\"application\/ld+json\" class=\"yoast-schema-graph\">{\"@context\":\"https:\/\/schema.org\",\"@graph\":[{\"@type\":\"WebPage\",\"@id\":\"https:\/\/www.edubox.ch\/shop\/produkt\/ecdl-zertifikatspruefung-tabellenkalkulation-advanced\/\",\"url\":\"https:\/\/www.edubox.ch\/shop\/produkt\/ecdl-zertifikatspruefung-tabellenkalkulation-advanced\/\",\"name\":\"ICDL\/ECDL Advanced: Zertifikatspr\u00fcfung \\\"Tabellenkalkulation\\\" (AM4) - EduBox GmbH\",\"isPartOf\":{\"@id\":\"https:\/\/www.edubox.ch\/shop\/#website\"},\"primaryImageOfPage\":{\"@id\":\"https:\/\/www.edubox.ch\/shop\/produkt\/ecdl-zertifikatspruefung-tabellenkalkulation-advanced\/#primaryimage\"},\"image\":{\"@id\":\"https:\/\/www.edubox.ch\/shop\/produkt\/ecdl-zertifikatspruefung-tabellenkalkulation-advanced\/#primaryimage\"},\"thumbnailUrl\":\"https:\/\/www.edubox.ch\/shop\/wp-content\/uploads\/Designer-3.jpg\",\"datePublished\":\"2017-03-20T13:34:00+00:00\",\"dateModified\":\"2026-03-11T16:40:03+00:00\",\"breadcrumb\":{\"@id\":\"https:\/\/www.edubox.ch\/shop\/produkt\/ecdl-zertifikatspruefung-tabellenkalkulation-advanced\/#breadcrumb\"},\"inLanguage\":\"de-CH\",\"potentialAction\":[{\"@type\":\"ReadAction\",\"target\":[\"https:\/\/www.edubox.ch\/shop\/produkt\/ecdl-zertifikatspruefung-tabellenkalkulation-advanced\/\"]}]},{\"@type\":\"ImageObject\",\"inLanguage\":\"de-CH\",\"@id\":\"https:\/\/www.edubox.ch\/shop\/produkt\/ecdl-zertifikatspruefung-tabellenkalkulation-advanced\/#primaryimage\",\"url\":\"https:\/\/www.edubox.ch\/shop\/wp-content\/uploads\/Designer-3.jpg\",\"contentUrl\":\"https:\/\/www.edubox.ch\/shop\/wp-content\/uploads\/Designer-3.jpg\",\"width\":1024,\"height\":1024},{\"@type\":\"BreadcrumbList\",\"@id\":\"https:\/\/www.edubox.ch\/shop\/produkt\/ecdl-zertifikatspruefung-tabellenkalkulation-advanced\/#breadcrumb\",\"itemListElement\":[{\"@type\":\"ListItem\",\"position\":1,\"name\":\"Startseite\",\"item\":\"https:\/\/www.edubox.ch\/shop\/\"},{\"@type\":\"ListItem\",\"position\":2,\"name\":\"Alle Produkte\",\"item\":\"https:\/\/www.edubox.ch\/shop\/alle-produkte\/\"},{\"@type\":\"ListItem\",\"position\":3,\"name\":\"ICDL\/ECDL Advanced: Zertifikatspr\u00fcfung &#171;Tabellenkalkulation&#187; (AM4)\"}]},{\"@type\":\"WebSite\",\"@id\":\"https:\/\/www.edubox.ch\/shop\/#website\",\"url\":\"https:\/\/www.edubox.ch\/shop\/\",\"name\":\"EduBox GmbH\",\"description\":\"Die erste virtuelle ICT-Schule der Schweiz!\",\"publisher\":{\"@id\":\"https:\/\/www.edubox.ch\/shop\/#organization\"},\"potentialAction\":[{\"@type\":\"SearchAction\",\"target\":{\"@type\":\"EntryPoint\",\"urlTemplate\":\"https:\/\/www.edubox.ch\/shop\/?s={search_term_string}\"},\"query-input\":{\"@type\":\"PropertyValueSpecification\",\"valueRequired\":true,\"valueName\":\"search_term_string\"}}],\"inLanguage\":\"de-CH\"},{\"@type\":\"Organization\",\"@id\":\"https:\/\/www.edubox.ch\/shop\/#organization\",\"name\":\"EduBox GmbH\",\"url\":\"https:\/\/www.edubox.ch\/shop\/\",\"logo\":{\"@type\":\"ImageObject\",\"inLanguage\":\"de-CH\",\"@id\":\"https:\/\/www.edubox.ch\/shop\/#\/schema\/logo\/image\/\",\"url\":\"https:\/\/www.edubox.ch\/shop\/wp-content\/uploads\/Logo-Laengs-ohne-Slogan-Transparent-Hoehe-1.5cm-fuer-Lehrbuch-KfK.png\",\"contentUrl\":\"https:\/\/www.edubox.ch\/shop\/wp-content\/uploads\/Logo-Laengs-ohne-Slogan-Transparent-Hoehe-1.5cm-fuer-Lehrbuch-KfK.png\",\"width\":725,\"height\":177,\"caption\":\"EduBox GmbH\"},\"image\":{\"@id\":\"https:\/\/www.edubox.ch\/shop\/#\/schema\/logo\/image\/\"},\"sameAs\":[\"https:\/\/www.facebook.com\/EduBox.CH\",\"https:\/\/x.com\/EduBox_CH\",\"https:\/\/www.linkedin.com\/company\/2981682\/admin\/dashboard\/\",\"https:\/\/www.xing.com\/pages\/eduboxgmbh\"]}]}<\/script>\n<!-- \/ Yoast SEO plugin. -->","yoast_head_json":{"title":"ICDL\/ECDL Advanced: Zertifikatspr\u00fcfung \"Tabellenkalkulation\" (AM4) - EduBox GmbH","robots":{"index":"index","follow":"follow","max-snippet":"max-snippet:-1","max-image-preview":"max-image-preview:large","max-video-preview":"max-video-preview:-1"},"canonical":"https:\/\/www.edubox.ch\/shop\/produkt\/ecdl-zertifikatspruefung-tabellenkalkulation-advanced\/","og_locale":"de_DE","og_type":"article","og_title":"ICDL\/ECDL Advanced: Zertifikatspr\u00fcfung \"Tabellenkalkulation\" (AM4) - EduBox GmbH","og_description":"Wir sind seit 2014 ein approbiertes ICDL Test Center. All unsere Zertifikatspr\u00fcfungen (Modulpr\u00fcfungen) finden virtuell (online) statt. Wir f\u00fchren t\u00e4glich Zertifikatspr\u00fcfungen durch. Termine k\u00f6nnen kurzfristig gebucht werden.  Weitere Informationen siehe auch weiter unten unter \"Zus\u00e4tzliche Information\"  Aktuell verf\u00fcgbare Pr\u00fcfungstermine: https:\/\/www.edubox.ch\/icdl\/Anmeldung_1","og_url":"https:\/\/www.edubox.ch\/shop\/produkt\/ecdl-zertifikatspruefung-tabellenkalkulation-advanced\/","og_site_name":"EduBox GmbH","article_publisher":"https:\/\/www.facebook.com\/EduBox.CH","article_modified_time":"2026-03-11T16:40:03+00:00","og_image":[{"width":1024,"height":1024,"url":"https:\/\/www.edubox.ch\/shop\/wp-content\/uploads\/Designer-3.jpg","type":"image\/jpeg"}],"twitter_card":"summary_large_image","twitter_site":"@EduBox_CH","twitter_misc":{"Gesch\u00e4tzte Lesezeit":"1\u00a0Minute"},"schema":{"@context":"https:\/\/schema.org","@graph":[{"@type":"WebPage","@id":"https:\/\/www.edubox.ch\/shop\/produkt\/ecdl-zertifikatspruefung-tabellenkalkulation-advanced\/","url":"https:\/\/www.edubox.ch\/shop\/produkt\/ecdl-zertifikatspruefung-tabellenkalkulation-advanced\/","name":"ICDL\/ECDL Advanced: Zertifikatspr\u00fcfung \"Tabellenkalkulation\" (AM4) - EduBox GmbH","isPartOf":{"@id":"https:\/\/www.edubox.ch\/shop\/#website"},"primaryImageOfPage":{"@id":"https:\/\/www.edubox.ch\/shop\/produkt\/ecdl-zertifikatspruefung-tabellenkalkulation-advanced\/#primaryimage"},"image":{"@id":"https:\/\/www.edubox.ch\/shop\/produkt\/ecdl-zertifikatspruefung-tabellenkalkulation-advanced\/#primaryimage"},"thumbnailUrl":"https:\/\/www.edubox.ch\/shop\/wp-content\/uploads\/Designer-3.jpg","datePublished":"2017-03-20T13:34:00+00:00","dateModified":"2026-03-11T16:40:03+00:00","breadcrumb":{"@id":"https:\/\/www.edubox.ch\/shop\/produkt\/ecdl-zertifikatspruefung-tabellenkalkulation-advanced\/#breadcrumb"},"inLanguage":"de-CH","potentialAction":[{"@type":"ReadAction","target":["https:\/\/www.edubox.ch\/shop\/produkt\/ecdl-zertifikatspruefung-tabellenkalkulation-advanced\/"]}]},{"@type":"ImageObject","inLanguage":"de-CH","@id":"https:\/\/www.edubox.ch\/shop\/produkt\/ecdl-zertifikatspruefung-tabellenkalkulation-advanced\/#primaryimage","url":"https:\/\/www.edubox.ch\/shop\/wp-content\/uploads\/Designer-3.jpg","contentUrl":"https:\/\/www.edubox.ch\/shop\/wp-content\/uploads\/Designer-3.jpg","width":1024,"height":1024},{"@type":"BreadcrumbList","@id":"https:\/\/www.edubox.ch\/shop\/produkt\/ecdl-zertifikatspruefung-tabellenkalkulation-advanced\/#breadcrumb","itemListElement":[{"@type":"ListItem","position":1,"name":"Startseite","item":"https:\/\/www.edubox.ch\/shop\/"},{"@type":"ListItem","position":2,"name":"Alle Produkte","item":"https:\/\/www.edubox.ch\/shop\/alle-produkte\/"},{"@type":"ListItem","position":3,"name":"ICDL\/ECDL Advanced: Zertifikatspr\u00fcfung &#171;Tabellenkalkulation&#187; (AM4)"}]},{"@type":"WebSite","@id":"https:\/\/www.edubox.ch\/shop\/#website","url":"https:\/\/www.edubox.ch\/shop\/","name":"EduBox GmbH","description":"Die erste virtuelle ICT-Schule der Schweiz!","publisher":{"@id":"https:\/\/www.edubox.ch\/shop\/#organization"},"potentialAction":[{"@type":"SearchAction","target":{"@type":"EntryPoint","urlTemplate":"https:\/\/www.edubox.ch\/shop\/?s={search_term_string}"},"query-input":{"@type":"PropertyValueSpecification","valueRequired":true,"valueName":"search_term_string"}}],"inLanguage":"de-CH"},{"@type":"Organization","@id":"https:\/\/www.edubox.ch\/shop\/#organization","name":"EduBox GmbH","url":"https:\/\/www.edubox.ch\/shop\/","logo":{"@type":"ImageObject","inLanguage":"de-CH","@id":"https:\/\/www.edubox.ch\/shop\/#\/schema\/logo\/image\/","url":"https:\/\/www.edubox.ch\/shop\/wp-content\/uploads\/Logo-Laengs-ohne-Slogan-Transparent-Hoehe-1.5cm-fuer-Lehrbuch-KfK.png","contentUrl":"https:\/\/www.edubox.ch\/shop\/wp-content\/uploads\/Logo-Laengs-ohne-Slogan-Transparent-Hoehe-1.5cm-fuer-Lehrbuch-KfK.png","width":725,"height":177,"caption":"EduBox GmbH"},"image":{"@id":"https:\/\/www.edubox.ch\/shop\/#\/schema\/logo\/image\/"},"sameAs":["https:\/\/www.facebook.com\/EduBox.CH","https:\/\/x.com\/EduBox_CH","https:\/\/www.linkedin.com\/company\/2981682\/admin\/dashboard\/","https:\/\/www.xing.com\/pages\/eduboxgmbh"]}]}},"_links":{"self":[{"href":"https:\/\/www.edubox.ch\/shop\/wp-json\/wp\/v2\/product\/778","targetHints":{"allow":["GET"]}}],"collection":[{"href":"https:\/\/www.edubox.ch\/shop\/wp-json\/wp\/v2\/product"}],"about":[{"href":"https:\/\/www.edubox.ch\/shop\/wp-json\/wp\/v2\/types\/product"}],"replies":[{"embeddable":true,"href":"https:\/\/www.edubox.ch\/shop\/wp-json\/wp\/v2\/comments?post=778"}],"wp:featuredmedia":[{"embeddable":true,"href":"https:\/\/www.edubox.ch\/shop\/wp-json\/wp\/v2\/media\/5333"}],"wp:attachment":[{"href":"https:\/\/www.edubox.ch\/shop\/wp-json\/wp\/v2\/media?parent=778"}],"wp:term":[{"taxonomy":"product_brand","embeddable":true,"href":"https:\/\/www.edubox.ch\/shop\/wp-json\/wp\/v2\/product_brand?post=778"},{"taxonomy":"product_cat","embeddable":true,"href":"https:\/\/www.edubox.ch\/shop\/wp-json\/wp\/v2\/product_cat?post=778"},{"taxonomy":"product_tag","embeddable":true,"href":"https:\/\/www.edubox.ch\/shop\/wp-json\/wp\/v2\/product_tag?post=778"}],"curies":[{"name":"wp","href":"https:\/\/api.w.org\/{rel}","templated":true}]}}